3 + 10791*w**2 - 586*w - 10251. Calculate d(-568).
-27
Let c(n) = -6*n**2 - 195*n - 742. What is c(-13)?
779
Let u(m) = -9*m + 1284. Calculate u(90).
474
Let c(m) = 2*m**3 - 79*m**2 + 333*m - 13994. Calculate c(40).
926
Let i(c) = -c**3 - 116*c**2 - 45*c - 4877. Determine i(-116).
343
Let t(r) = 2*r**2 + 666*r + 22635. Determine t(-38).
215
Let c(y) = 4*y**2 + 418*y + 10458. Determine c(-63).
0
Let j(o) = 557*o + 5755. Give j(-12).
-929
Let c(u) = 5*u**2 + 796*u + 9612. Give c(-12).
780
Let s(m) = 2*m**3 - 41*m**2 + 11*m + 230. What is s(21)?
902
Let q(a) = -45*a**2 + 7166*a - 184273. Determine q(127).
4
Let m(g) = 7*g**2 - 148*g + 274. Give m(19).
-11
Let m(n) = -n**2 - 184*n - 8484. Determine m(-81).
-141
Let g(u) = -760*u - 21981. Determine g(-29).
59
Let a(i) = -i**3 + 19*i**2 - 71*i + 136. Determine a(17).
-493
Let r(p) = -5757*p + 69052. Calculate r(12).
-32
Let g(s) = -4104*s + 1891945. Give g(461).
1
Let f(k) = -2882*k - 20932. What is f(-8)?
2124
Let p(i) = i**2 + 98391*i + 9534520. Determine p(-97).
2
Let j(w) = w**2 + 468*w - 2017. Determine j(4).
-129
Let s(i) = i**2 + 671*i - 6139. Give s(9).
-19
Let v(q) = q**3 - 17*q**2 + 17*q + 18. What is v(16)?
34
Let i(x) = -x**2 + 230*x + 4740. What is i(-24)?
-1356
Let p(y) = 30*y**2 + 1929*y + 27926. Calculate p(-22).
8
Let a(q) = -140*q**2 - 1036*q - 2073. What is a(-2)?
-561
Let d(m) = -m**2 - 6257*m + 144527. Calculate d(23).
87
Let j(r) = 436613*r + 1746463. Determine j(-4).
11
Let a(k) = k**2 + 61*k + 485. What is a(-8)?
61
Let t(h) = -h**3 - 98*h**2 - 712*h + 719. Calculate t(-90).
-1
Let a(m) = -13*m**2 + 28*m - 26. Give a(3).
-59
Let k(o) = -3226*o + 706501. What is k(219)?
7
Let l(c) = 1076*c - 320641. What is l(298)?
7
Let k(o) = -62599*o - 500756. Give k(-8).
36
Let k(w) = 57709*w + 577088. Determine k(-10).
-2
Let u(w) = w**2 + 292*w + 13943. What is u(-234)?
371
Let s(g) = 215346*g + 1507426. Give s(-7).
4
Let z(h) = 190*h**2 + 6316*h + 1525. What is z(-33)?
7
Let c(k) = 2*k**3 - 13*k**2 - 2453*k + 19576. Determine c(8).
144
Let l(d) = -5*d**2 - 12467*d - 1322235. Give l(-111).
-3
Let u(b) = 4*b**2 + 4154*b - 204083. Calculate u(47).
-9
Let r(c) = 185296*c - 22791393. Give r(123).
15
Let l(c) = c**2 - 83*c - 3030. Determine l(106).
-592
Let d(s) = -s**2 + 185*s + 24934. Give d(-89).
548
Let s(b) = 3*b**3 - 5*b**2 + 21*b + 25. What is s(5)?
380
Let h(q) = 12266*q + 197516. What is h(-16)?
1260
Let t(f) = f**3 + 152*f**2 + 493*f + 98976. Give t(-153).
138
Let f(m) = 4*m**2 + 1415*m - 103556. What is f(-416)?
28
Let t(o) = 16*o**3 + 119*o**2 + 8*o + 50. Determine t(-7).
337
Let p(w) = 31*w + 1689. What is p(-53)?
46
Let u(v) = 614*v + 4135. Give u(-7).
-163
Let o(a) = 1254*a + 10943. Determine o(-10).
-1597
Let u(i) = 2*i**3 + 84*i**2 + 14*i + 586. Determine u(-42).
-2
Let p(x) = -62215*x - 1430950. Calculate p(-23).
-5
Let m(z) = -147*z**3 + 579*z**2 + 47*z - 37. What is m(4)?
7
Let v(w) = w**2 + 597*w + 89083. Give v(-303).
1
Let v(y) = -413*y + 27272. Give v(66).
14
Let j(v) = -28220*v + 14787288. Give j(524).
8
Let d(i) = i**3 + 18*i**2 + 3090*i + 55505. Calculate d(-18).
-115
Let v(c) = 2672*c - 58766. What is v(22)?
18
Let h(o) = 233*o**2 + 1244*o - 1246. Determine h(1).
231
Let x(z) = 3*z**3 + 211*z**2 - 140*z + 208. What is x(-71)?
66
Let w(l) = -55*l**2 - 6894*l - 2376. What is w(-125)?
-1
Let w(h) = 89*h**2 + 33733*h + 762. Determine w(-379).
4
Let n(m) = 9*m**2 - 50*m - 222. Calculate n(13).
649
Let s(i) = -7*i**2 - 16*i + 571. Determine s(-11).
-100
Let d(n) = 249*n + 85373. What is d(-343)?
-34
Let c(s) = 7*s**2 + 371*s + 406. Calculate c(-49).
-966
Let a(x) = -12129*x - 2680508. Give a(-221).
1
Let j(w) = -1918*w + 28335. Calculate j(15).
-435
Let v(q) = -187*q - 12822. Give v(-70).
268
Let p(o) = -14*o**2 + 749*o - 9994. Calculate p(26).
16
Let y(l) = -l**2 + 522*l + 172983. Give y(-230).
23
Let r(u) = 28737*u - 11523548. What is r(401)?
-11
Let s(t) = -166*t + 3811. Give s(26).
-505
Let x(r) = r**3 - 240*r**2 - 32691*r + 667. Give x(337).
-7
Let w(k) = -6*k**2 - 568*k + 13746. Determine w(20).
-14
Let y(r) = 79*r**2 + 1482*r + 149. What is y(-19)?
510
Let d(s) = -s**3 + 5*s**2 + 801*s - 1526. Calculate d(30).
4
Let d(l) = l**2 - 9229*l + 2213. What is d(0)?
2213
Let j(b) = b**3 + 571*b**2 - 124*b - 70796. Give j(-571).
8
Let a(p) = -2*p**3 - 187*p**2 - 955*p + 1324. Calculate a(-88).
180
Let l(p) = 4*p**3 + 380*p**2 + 374*p - 269. Determine l(-94).
-81
Let x(l) = 2645*l - 5419. Calculate x(2).
-129
Let y(s) = 2*s**3 - 216*s**2 + 16*s - 1305. Determine y(108).
423
Let c(p) = 307*p - 1344. What is c(7)?
805
Let t(d) = 5616*d + 33672. Determine t(-6).
-24
Let m(k) = 3*k**3 + 4*k**2 + 6686*k - 13377. Calculate m(2).
35
Let p(s) = s**2 + 4*s + 38. What is p(-23)?
475
Let k(f) = -429*f + 215362. Determine k(502).
4
Let p(u) = 4*u**3 + 63*u**2 - 146*u - 2094. What is p(-16)?
-14
Let o(v) = v**3 - 13*v**2 - 301*v - 95. Determine o(-13).
-576
Let t(q) = -2*q**3 - 27*q**2 + 47*q + 449. Give t(-14).
-13
Let n(x) = -2*x**2 - 85*x + 7018. What is n(-84)?
46
Let t(w) = w**2 - 3990*w - 165265. What is t(-41)?
6
Let h(v) = v**3 - 412*v**2 - 5460*v - 27649. Give h(425).
-24
Let b(h) = -428*h + 81337. Calculate b(195).
-2123
Let v(w) = -1113*w - 7673. What is v(-7)?
118
Let s(u) = -52*u**3 + 213*u**2 - 29*u + 44. Give s(4).
8
Let r(s) = 50767*s + 1218407. Determine r(-24).
-1
Let h(t) = 2*t**3 - 485*t**2 - 1267*t + 10549. Give h(245).
259
Let o(t) = 810*t + 12069. Give o(-14).
729
Let g(j) = -j**3 + 143*j**2 - 282*j + 7. Determine g(141).
7
Let m(u) = -1706*u - 1497. Calculate m(0).
-1497
Let i(t) = -t + 32. Determine i(-82).
114
Let g(d) = -286*d - 1760. Determine g(-2).
-1188
Let g(l) = 116*l - 1093. Calculate g(10).
67
Let n(f) = 20*f + 608. Determine n(-50).
-392
Let u(f) = f**2 + 156*f + 5577. What is u(-84)?
-471
Let p(s) = 2564*s**3 + 10*s**2 + 2*s - 15. Determine p(1).
2561
Let z(y) = -145*y - 3728. Determine z(-27).
187
Let y(i) = -322*i**2 - 348084*i - 2156. Calculate y(-1081).
6
Let l(q) = -52*q**2 + 674*q + 822. Calculate l(14).
66
Let a(q) = q**3 + 24*q**2 + 55*q + 3010. Calculate a(-26).
228
Let s(p) = 25*p**3 - 19*p**2 - 49*p + 217. Give s(4).
1317
Let k(d) = -d**3 - 132*d**2 - 2227*d + 264. Calculate k(-20).
4
Let d(g) = -454881*g - 6368350. Give d(-14).
-16
Let h(r) = 1996*r - 970043. Calculate h(486).
13
Let z(g) = -g**3 - 141*g**2 + 129*g - 1001. Give z(-142).
845
Let b(o) = -23*o + 1837. Give b(63).
388
Let o(j) = -35*j**3 - 208*j**2 - 12*j - 20. Give o(-6).
124
Let d(v) = 2326*v + 67457. Calculate d(-29).
3
Let q(r) = -75*r - 50. What is q(-12)?
850
Let w(d) = 7*d**3 + 29*d**2 - 8*d - 28. Calculate w(-5).
-138
Let c(f) = -2069*f - 138415. Determine c(-67).
208
Let t(g) = -3*g**2 - 483*g - 2398. Give t(-5).
-58
Let f(z) = 8*z**3 - 148*z**2 + 175*z - 1875. What is f(18)?
-21
Let g(l) = 29060*l + 261551. What is g(-9)?
11
Let v(b) = -b**2 + 49*b - 570. Calculate v(20).
10
Let h(g) = g**3 + 183*g**2 - 2710*g - 612. What is h(14)?
60
Let h(j) = 60336*j - 1870400. Give h(31).
16
Let n(k) = k**3 - 18*k**2 - 83*k + 743. Give n(12).
-1117
Let q(w) = 4*w**3 + 285*w**2 + 94*w + 1649. Determine q(-71).
16
Let z(a) = 11*a**2 + 1329*a - 11336. What is z(8)?
0
Let l(p) = 79*p - 3019. Give l(48).
773
Let o(a) = 2589*a + 717146. Give o(-277).
-7
Let a(j) = -j**3 - 114*j**2 + 305*j - 5376. What is a(-117)?
6
Let k(l) = 7*l**3 + l**2 - 52*l - 463. What is k(-6)?
-1627
Let h(g) = -6666*g - 66501. Calculate h(-10).
159
Let z(r) = 33091*r + 165518. Give z(-5).
63
Let z(p) = -p**3 - 19*p**2 - 134*p - 602. What is z(-12)?
-2
Let z(h) = -3516*h - 57543. What is z(-16)?
-1287
Let n(g) = 2*g**3 + 872*g**2 + 5186*g + 154. What is n(-6)?
-2
Let a(l) = -11280*l + 56221. Calculate a(5).
-179
Let d(r) = 2*r**3 - 175*r**2 + 145*r - 5044. Calculate d(87).
2
Let g(m) = 1178*m - 9993. Determine g(9).
609
Let d(b) = 2*b**2 - 50*b - 2792. Give d(-33).
1036
Let k(q) = -3*q**2 - 145*q + 6014. Calculate k(-75).
14
Let l(r) = -227868*r + 683592. Determine l(3).
-12
Let y(c) = 6552*c**2 - 91659*c - 969. Give y(14).
-3
Let u(j) = -2678*j + 12. What is u(0)?
12
Let j(k) = -4*k**2 + 547*k + 1259. Calculate j(139).
8
Let q(g) = -4394*g + 136181. What is q(31)?
-33
Let h(w) = 12900*w - 954541. What is 